ded by w(16)?
10
Suppose 0 = 59*y + 25*y - 248724. Calculate the remainder when y is divided by 12.
9
Suppose -2*f - k = -537, -4*f + 526 = -2*k - 552. What is the remainder when f is divided by 34?
31
Suppose 0 = 5*j + 2*z - 9 - 16, 4*j = -z + 17. Suppose j*f - 175 = -5*a, -11 + 44 = a + f. Calculate the remainder when 110 is divided by a.
34
Let b(x) = 4*x**3 - 64*x**2 + 2*x - 18. Calculate the remainder when 140 is divided by b(16).
0
Suppose 2655 = 4*k - f, k = 4*f + f + 640. Suppose -4*i - k + 2141 = 0. Suppose 0 = -4*j + i - 53. Calculate the remainder when j is divided by 20.
19
Let l = 3207 - 2985. Calculate the remainder when 6658 is divided by l.
220
Suppose -99*q + 31091 = 4064. Let s(h) = 3*h**2 - 5*h + 3. What is the remainder when q is divided by s(-4)?
60
Let j = 38 - -4. What is the remainder when 150 - 1 - (-6 + 2) is divided by 2 + -3 + j - 2 - 0?
36
Let o(l) be the second derivative of l**4/12 - 5*l**3/3 + 107*l**2/2 - l + 5. What is the remainder when o(9) is divided by 11?
10
Let n(c) = c**2 + 3*c + 154. Calculate the remainder when n(0) is divided by 2 - (-2 + -6)/((-2)/(-6)).
24
Let j(o) = 65*o**2 - 20*o - 88. Calculate the remainder when j(-3) is divided by 38.
25
Let a = 583 + -585. Let w(j) = -8*j**3 + 3*j + 1. What is the remainder when w(a) is divided by 40?
19
Let z(d) = -5*d - 19. Let p(w) = -11*w - 35. Let u(k) = -6*p(k) + 14*z(k). What is the remainder when u(-19) is divided by (-23)/(-7) - (-4)/(-14)?
2
Let w = 77 - 67. Let j be -9 + w + -2 + 2. Suppose -j = -3*m + 41. What is the remainder when 82 is divided by m?
12
Let x(o) = 3*o**2 - 4*o - 191. What is the remainder when x(-14) is divided by 17?
11
Let o(l) = 2*l**2 - 28*l + 20. Let k be o(14). Suppose k*v - 9 = 19*v. What is the remainder when (2 + -1)/(1/18) is divided by v?
0
Suppose 21*w - 11938 + 4861 = 0. Calculate the remainder when 3361 is divided by w.
328
Calculate the remainder when 5757/4 + (-3)/(-4) + -2 is divided by 6.
4
What is the remainder when 246264/15 - 805/(-575) is divided by 322?
319
Let w be 7 + -1 + -5 + 133. Let s = w - 131. Calculate the remainder when s is divided by 2.
1
Suppose 8*m - 13*m = -60. Suppose -7*o = -3*o - m. Suppose -o*w + 60 = -0*t + 4*t, 3*t - w = 45. What is the remainder when 28 is divided by t?
13
Let v(p) = -2*p**3 + 41*p**2 - 35*p - 1. What is the remainder when v(18) is divided by 18?
17
Let w = -159 - -165. Suppose w*u - 2*u - 52 = 0. What is the remainder when 44 is divided by u?
5
Let d = 439 + -305. Let u = d + -117. Calculate the remainder when 41 is divided by u.
7
Suppose 3*o + 4*z = o + 80, -6*o + z + 149 = 0. Let l be 4/(-10) + (-142)/(-5). Suppose 42 + l = 5*t. Calculate the remainder when o is divided by t.
12
Suppose -7*j + 3*a = -8*j + 2, 3*j = a + 86. What is the remainder when 1660 is divided by j?
22
Let s = -1613 + 1647. What is the remainder when 200 is divided by s?
30
Let l(t) = 20*t**2 + 2*t. Let d be 2*5/(10 - 0). Calculate the remainder when 6 - 2 - (0 - 83) is divided by l(d).
21
Suppose 8*a + 16*a - 16872 = 0. Let x = a + -692. What is the remainder when 126 is divided by x?
5
Suppose 22*s - 25*s + 9 = 0. Suppose -z + 0*o - s = 5*o, -13 = -5*z + 3*o. Suppose z*r = 114 + 28. Calculate the remainder when r is divided by 36.
35
Let c be -1*(-1 + -3 + -79). Suppose -5*z - 71 = -181. Calculate the remainder when c - (-7 + 4 + -1) is divided by z.
21
Suppose -2*x = m - 0*m - 9, 0 = x + 5*m - 27. Suppose 2*u = -x + 28. Suppose -18*j + u*j = -825. Calculate the remainder when j is divided by 42.
39
Suppose 0 = 11561*j - 11577*j + 416. What is the remainder when 271 is divided by j?
11
Let v(r) = r**2 + r - 5. Let k be v(-4). Let q(x) = x**3 - 6*x**2 + 5*x + 17. What is the remainder when q(k) is divided by (3/6)/1*52?
23
Let q(o) = 2*o**3 + 12*o**2 - 11*o - 37. Calculate the remainder when 300 is divided by q(-4).
16
Let j = 859 + -1515. What is the remainder when 115 is divided by j/(-22) - (-6 + (-320)/(-55))?
25
Suppose 0 = -392*x - 148*x + 282131 + 41329. What is the remainder when x is divided by 321?
278
Let i(w) be the second derivative of w**4/12 - 7*w**3/6 - 58*w**2 - 28*w + 3. What is the remainder when 7 is divided by i(15)?
3
Let j(g) = g**3 - 4*g**2 + 8*g - 8. Suppose -400 = -132*m + 127*m. Calculate the remainder when m is divided by j(4).
8
Suppose 14*t = 19*t. Suppose -8*r = -4*r - 2*h - 76, t = 3*h. Suppose -8*d = 3*d - 66. What is the remainder when r is divided by d?
1
Let u = -76 - -81. Suppose 586 = u*i - 224. Let t = i - 116. Calculate the remainder when t is divided by 12.
10
Let x(w) be the third derivative of -w**5/60 + 3*w**4/8 + 2*w**3/3 + 20*w**2. Let q be x(8). Calculate the remainder when 101 is divided by 3/(-2)*(-280)/q.
31
Let t be -1 - 17/(-3) - (-2)/(-3). Suppose 3*b - 4*o = -b + 56, -t*b = -2*o - 52. Calculate the remainder when 35 is divided by b.
11
Suppose -399 = -4*r - 3*m + 415, 0 = -3*m + 6. Suppose -1178 + r = -4*u. Calculate the remainder when 4*u/18 + (-2)/9 is divided by 12.
6
Let u = -169 + 110. Let j = u + 59. Calculate the remainder when 2 - (139/(-1) + (j - 3)) is divided by 37.
33
Let g be 1*28/63*9. Suppose -5*t - g*l + 45 = l, 5*l = 0. Calculate the remainder when 403 is divided by t.
7
Suppose -14 = -c - 6*c. Suppose 6*w = c + 64. What is the remainder when 252 is divided by w?
10
Suppose 3*y + 3*s - 297 = 0, 3*y + 0*s = -s + 301. Let d = y - 66. Calculate the remainder when 65 is divided by d.
30
Let p(a) = -10*a - 7*a + 3*a - 7*a + 102 - 123. Calculate the remainder when p(-5) is divided by 15.
9
Let s(k) = -10*k + 3. Let l be s(-6). Suppose b - 9 = t, 27*t + 5*b = 31*t + 40. Calculate the remainder when 2 + l + -7 + (-30)/t is divided by 11.
9
Suppose 4*f = f + 27. Let l = 33 + f. Let p = 68 - l. Calculate the remainder when p is divided by 9.
8
Suppose g = 2*r + 34, 0 = 3*g - 4*g + 4*r + 28. Let o = 121 - 60. Suppose -3*c = -4*m + 84, 2*m + 19 = 5*c + o. Calculate the remainder when g is divided by m.
19
Let y = -14 + 9. Let i(d) = -3*d**2 - 3*d. Let s be i(y). Let x = s + 66. Calculate the remainder when 7 is divided by x.
1
Suppose 3*d - 23 = 5*y, -2*d - 41 = -5*d - 4*y. What is the remainder when ((-262)/6)/(d/(-33)) is divided by 19?
17
Let w = 7125 + -7048. What is the remainder when 189 is divided by w?
35
Let x(u) = 3*u**3 + 18*u**2 - 56*u + 6. Let q(s) = 4*s**3 + 18*s**2 - 56*s + 5. Let i(w) = -4*q(w) + 5*x(w). Calculate the remainder when i(12) is divided by 6.
4
Suppose 0 = t + 9 - 13. Suppose -t*z + 9*z - 955 = 0. What is the remainder when z is divided by 16?
15
Let h(z) = 6*z + 61. Let p be h(-9). Suppose -308 = -p*c + 182. Calculate the remainder when c is divided by 20.
10
Let z = 4452 - 3760. Calculate the remainder when z is divided by 28.
20
Let s(f) = 2*f**2 - 19*f + 1. Suppose -5*r = 5*u - 1090, u + 4*r = 67 + 154. Suppose -3*o + 20 = -u. Calculate the remainder when o is divided by s(11).
11
Let l(p) = 2*p**2 + 6*p - 12. Let t = -160 - -185. What is the remainder when l(6) is divided by t?
21
Let r(t) = 5*t + 0*t - t**3 + 5 + 6*t**2 + 2*t**3. Let a(z) = -25*z**2 + 138*z - 1. What is the remainder when a(5) is divided by r(-4)?
13
Let v = -612 + 616. Suppose 5*x + 0*x - 2475 = 0. Suppose 9*w = v*w + x. Calculate the remainder when w is divided by 25.
24
Let f be ((-1140)/24)/19*2/1. What is the remainder when 182 is divided by ((-4)/(-8))/(f/(-230))?
21
Let k = -4 + 7. Suppose -17*p = -3604 - 3587. Suppose -p = -0*f - k*f. Calculate the remainder when f is divided by 24.
21
Suppose 0 = 3*p - 8*p + 50. Let u be 6/(-18) + (-2)/(-6). Suppose -q + 3 = u, 4*f - 5*q - 144 = -q. What is the remainder when f is divided by p?
9
Let d = -4 + -33. Let i = -363 - -463. Let b = d + i. What is the remainder when b is divided by 16?
15
Let x = -1513 - -1516. Calculate the remainder when 149 is divided by x.
2
Suppose 6*l = 5*i + 1291 - 318, i - 785 = -5*l. What is the remainder when l is divided by 17?
5
Suppose -j = d - 4*d + 17, 2*d + 12 = -4*j. What is the remainder when ((-212)/(-8) - -2)*d/3 is divided by -2 + 17 - (3 - 2)?
10
Suppose 2*k + 102 - 84 = 0. Let r be 4/(-12) + (-4737)/k + 3. Suppose 4*i + 2*b = b + r, 275 = 2*i - 3*b. What is the remainder when i is divided by 34?
31
Let q(k) be the third derivative of -k*